{"id":1219,"date":"2025-02-19T18:13:50","date_gmt":"2025-02-19T18:13:50","guid":{"rendered":"https:\/\/www.floria.cz\/?page_id=1219"},"modified":"2025-02-27T20:13:58","modified_gmt":"2025-02-27T20:13:58","slug":"travni-smesi","status":"publish","type":"page","link":"https:\/\/www.floria.cz\/sk\/travni-smesi\/","title":{"rendered":"Tr\u00e1vne zmesi"},"content":{"rendered":"\n<div class=\"wp-block-group pb-5 half-section text-center is-vertical is-content-justification-center is-nowrap is-layout-flex wp-container-core-group-is-layout-e862386f wp-block-group-is-layout-flex\">\n<h2 class=\"wp-block-heading uppercase pb-16\" style=\"font-size:3.8rem\">Travn\u00ed sm\u011bsi<\/h2>\n\n\n\n<p class=\"leading-snug font-extralight\" style=\"font-size:1.3rem\">Travn\u00ed sm\u011bsi FLORIA PREMIUM vynikaj\u00ed sv\u00fdmi jedine\u010dn\u00fdmi vlastnostmi &#8211; oproti klasick\u00e9mu osivu jsou <strong>semena obalena v hnojivu a sm\u00e1\u010dedle<\/strong>, tak\u017ee odpad\u00e1 prvotn\u00ed hnojen\u00ed p\u0159i v\u00fdsevu. Jeliko\u017e je hnojivo nan\u00e1\u0161eno p\u0159\u00edmo na semena, kl\u00ed\u010d\u00edc\u00ed a vyv\u00edjej\u00edc\u00ed se sazenice z\u00edsk\u00e1vaj\u00ed pln\u00fd p\u0159\u00ednos dodate\u010dn\u00e9 v\u00fd\u017eivy, nikoli okoln\u00ed rostliny. V&nbsp;nab\u00eddce m\u00e1me 3 z\u00e1kladn\u00ed druhy \u2013 Exclusive pro reprezentativn\u00ed plochy, pro robotick\u00e9 sek\u00e1n\u00ed (n\u00edzce rostouc\u00ed sm\u011bs) a pro sucho (sm\u011bs odoln\u00e1 do such\u00fdch a slune\u010dn\u00fdch oblast\u00ed).<br><br><\/p>\n\n\n\n<p><\/p>\n<\/div>\n\n\n    <div class=\"product-microcard\">\r\n        <div class=\"relative overflow-hidden pt-20\">\r\n            <div class=\"flex pb-52 mx-auto justify-center flex-wrap lg:flex-nowrap items-stretch\">\r\n                \r\n                <!-- Left Column -->\r\n                <div class=\"w-full lg:w-auto card-column lg:items-end\">\r\n                                            <a href=\"#category\" class=\"micro-card\">\r\n                            <h4 class=\"uppercase text-center\">Exkluzivn\u00ed travn\u00ed semena<\/h4>\r\n                            <div class=\"micro-card-body\">\r\n                                <h4>Exkluzivn\u00ed travn\u00ed semena<\/h4>\r\n                                <p>Travn\u00ed sm\u011bsi FLORIA PREMIUM jsou slo\u017een\u00e9 ze \u0161pi\u010dkov\u00fdch odr\u016fd trav, kter\u00e9 jsou t\u00edm nejlep\u0161\u00edm z evropsk\u00e9 p\u011bstitelsk\u00e9 produkce. Odpov\u00edd\u00e1 nejmodern\u011bj\u0161\u00edm trend\u016fm p\u011bstov\u00e1n\u00ed a p\u00e9\u010de o travnat\u00e9 plochy nejen v zahrad\u00e1ch a okol\u00ed rodinn\u00fdch dom\u016f. Tr\u00e1vn\u00edk se v dal\u0161\u00edch f\u00e1z\u00edch r\u016fstu vyzna\u010duje hust\u00fdm, pru\u017en\u00fdm a m\u011bkk\u00fdm drnem, kter\u00fd snese vy\u0161\u0161\u00ed z\u00e1t\u011b\u017e. P\u0159i standardn\u00ed p\u00e9\u010di si udr\u017e\u00ed syt\u011b zelenou reprezentativn\u00ed barvu po cel\u00e9 vegeta\u010dn\u00ed obdob\u00ed. \n<br\/>\nZdroj: DLF\n<\/p>\r\n                                                                    <img decoding=\"async\" src=\"http:\/\/www.floria.cz\/wp-content\/uploads\/2025\/02\/Navrh-bez-nazvu-47.svg\" \r\n                                         alt=\"\">\r\n                                                            <\/div>\r\n                        <\/a>\r\n                                    <\/div>\r\n\r\n                <!-- Center Image -->\r\n                <div class=\"order-first lg:order-none mx-2 z-10\">\r\n                                            <img decoding=\"async\" class=\"lg:scale-125 translate-y-9\" \r\n                             src=\"http:\/\/www.floria.cz\/wp-content\/uploads\/2025\/02\/Navrh-bez-nazvu-27.svg\" \r\n                             alt=\"\">\r\n                                    <\/div>\r\n\r\n                <!-- Right Column -->\r\n                <div class=\"w-full lg:w-auto card-column lg:items-start\">\r\n                                            <a href=\"#category\" class=\"micro-card\">\r\n                            <h4 class=\"uppercase text-center\">Hydroaktivn\u00ed obal<\/h4>\r\n                            <div class=\"micro-card-body\">\r\n                                <h4>Hydroaktivn\u00ed obal<\/h4>\r\n                                <p>Dostupnost sm\u00e1\u010dedla zlep\u0161uje hospoda\u0159en\u00ed s vodou, co\u017e umo\u017e\u0148uje ko\u0159en\u016fm a v\u00fdhonk\u016fm r\u016fst rychleji a l\u00e9pe tak odol\u00e1vat nep\u0159\u00edzniv\u00fdm vliv\u016fm. To je zvl\u00e1\u0161t\u011b d\u016fle\u017eit\u00e9 p\u0159i dosevu st\u00e1vaj\u00edc\u00edho tr\u00e1vn\u00edku. P\u0159i zakl\u00e1d\u00e1n\u00ed tak pou\u017eijete a\u017e o 15 % m\u00e9n\u011b vody. Osivo obsahuje i 15 % rychle p\u016fsob\u00edc\u00edho i pomalu se uvol\u0148uj\u00edc\u00edho dus\u00edku. D\u00edky tomu poskytuje siln\u011bj\u0161\u00ed, rychlej\u0161\u00ed a rovnom\u011brn\u011bj\u0161\u00ed vzch\u00e1zen\u00ed semen, a\u017e o 34 % v\u00edce zelen\u00e9 plochy a a\u017e o 30 % prodlou\u017een\u00ed d\u00e9lky ko\u0159en\u016f. V\u00fdsledn\u00fd tr\u00e1vn\u00edk je tak odoln\u011bj\u0161\u00ed v\u016f\u010di stresu a schopn\u011bj\u0161\u00ed sn\u00e1\u0161et intenzivn\u00ed opot\u0159eben\u00ed i invazi \u0161irokolist\u00fdch plevel\u016f.          \n<br\/>\nZdroj: DLF<\/p>\r\n                                                                    <img decoding=\"async\" src=\"http:\/\/www.floria.cz\/wp-content\/uploads\/2025\/02\/Navrh-bez-nazvu-48.svg\" \r\n                                         alt=\"\">\r\n                                                            <\/div>\r\n                        <\/a>\r\n                                            <a href=\"#category\" class=\"micro-card\">\r\n                            <h4 class=\"uppercase text-center\">Vzhled a odolnost<\/h4>\r\n                            <div class=\"micro-card-body\">\r\n                                <h4>Vzhled a odolnost<\/h4>\r\n                                <p>Technologie semen poskytuje v\u00fdrazn\u011b siln\u011bj\u0161\u00ed a rychlej\u0161\u00ed zakl\u00e1d\u00e1n\u00ed tr\u00e1vn\u00edku. Kombinace \u0159\u00edzen\u00e9ho uvol\u0148ov\u00e1n\u00ed dus\u00edku a technologie hydroaktivn\u00edho hospoda\u0159en\u00ed s vodou zp\u0159\u00edstup\u0148uje z\u00e1kladn\u00ed \u017eiviny a vodu ka\u017ed\u00e9 vzch\u00e1zej\u00edc\u00ed sazenici pro siln\u011bj\u0161\u00ed kl\u00ed\u010den\u00ed a lep\u0161\u00ed vyu\u017eit\u00ed \u017eivin b\u011bhem ran\u00e9 f\u00e1ze r\u016fstu rostlin.  \n<br\/>\nZdroj: DLF<\/p>\r\n                                                                    <img decoding=\"async\" src=\"http:\/\/www.floria.cz\/wp-content\/uploads\/2025\/02\/Navrh-bez-nazvu-49.svg\" \r\n                                         alt=\"\">\r\n                                                            <\/div>\r\n                        <\/a>\r\n                                    <\/div>\r\n            <\/div>\r\n\r\n            <div class=\"absolute left-0 right-0 bottom-0 -translate-y-1\/2 flex items-center justify-center\">\r\n                <div class=\"w-0 h-0 bg-transparent rounded-full divider-gradient\"><\/div>\r\n            <\/div>\r\n            <div class=\"linear-divider mb-0\"><\/div>\r\n        <\/div>\r\n    <\/div>\r\n    \n\n    <div class=\"container-section\">\r\n    <div class=\"py-16 px-8\">\r\n        <div class=\"grid grid-cols-1 md:grid-cols-2 xl:grid-cols-4 gap-7\">\r\n                            <div class=\"group flex flex-col items-center justify-center p-10 px-12 rounded-3xl border border-white overflow-hidden transition-all duration-300 hover:shadow-lg\">\r\n                    <a href=\"\/floria-travni-smes-exclusive-1-kg\/\" class=\"flex flex-col items-center justify-center\">\r\n                        <div class=\"relative\">\r\n                            <div class=\"absolute top-0 left-0 right-0 bottom-0 flex items-center justify-center -z-10\">\r\n                                <div class=\"w-5 h-5 bg-gray-200 rounded-full product-gradient group-hover:scale-125 transition-transform duration-300\">\r\n                                <\/div>\r\n                            <\/div>\r\n                            <img decoding=\"async\" src=\"http:\/\/www.floria.cz\/wp-content\/uploads\/2025\/02\/Navrh-bez-nazvu-27.svg\" \r\n                                 alt=\"Product\" \r\n                                 class=\"mb-4 z-10 h-[300px] group-hover:scale-105 transition-transform duration-300\">\r\n                        <\/div>\r\n                        <h4 class=\"text-center text-sm text-secondary-light font-medium mb-2 transition-colors duration-300\">\r\n                            FLORIA PREMIUM\u00ae                        <\/h4>\r\n                        <h3 class=\"text-center text-2xl font-semibold mb-2 group-hover:text-primary-light transition-colors duration-300\">\r\n                            Travn\u00ed sm\u011bs Exclusive                         <\/h3>\r\n                        <span class=\"btn-outline mt-2 opacity-60 hover:opacity-100 hover:text-white transition-all duration-300\">\r\n                            V\u00cdCE INFORMAC\u00cd                        <\/span>\r\n                    <\/a>\r\n                <\/div>\r\n                            <div class=\"group flex flex-col items-center justify-center p-10 px-12 rounded-3xl border border-white overflow-hidden transition-all duration-300 hover:shadow-lg\">\r\n                    <a href=\"\/floria-travni-smes-pro-roboticke-sekani-1-kg\/\" class=\"flex flex-col items-center justify-center\">\r\n                        <div class=\"relative\">\r\n                            <div class=\"absolute top-0 left-0 right-0 bottom-0 flex items-center justify-center -z-10\">\r\n                                <div class=\"w-5 h-5 bg-gray-200 rounded-full product-gradient group-hover:scale-125 transition-transform duration-300\">\r\n                                <\/div>\r\n                            <\/div>\r\n                            <img decoding=\"async\" src=\"http:\/\/www.floria.cz\/wp-content\/uploads\/2025\/02\/Navrh-bez-nazvu-29.svg\" \r\n                                 alt=\"Product\" \r\n                                 class=\"mb-4 z-10 h-[300px] group-hover:scale-105 transition-transform duration-300\">\r\n                        <\/div>\r\n                        <h4 class=\"text-center text-sm text-secondary-light font-medium mb-2 transition-colors duration-300\">\r\n                            FLORIA PREMIUM\u00ae                        <\/h4>\r\n                        <h3 class=\"text-center text-2xl font-semibold mb-2 group-hover:text-primary-light transition-colors duration-300\">\r\n                            robotick\u00e9 sek\u00e1n\u00ed                         <\/h3>\r\n                        <span class=\"btn-outline mt-2 opacity-60 hover:opacity-100 hover:text-white transition-all duration-300\">\r\n                            V\u00cdCE INFORMAC\u00cd                        <\/span>\r\n                    <\/a>\r\n                <\/div>\r\n                            <div class=\"group flex flex-col items-center justify-center p-10 px-12 rounded-3xl border border-white overflow-hidden transition-all duration-300 hover:shadow-lg\">\r\n                    <a href=\"\/floria-travni-smes-sucho-1-kg\/\" class=\"flex flex-col items-center justify-center\">\r\n                        <div class=\"relative\">\r\n                            <div class=\"absolute top-0 left-0 right-0 bottom-0 flex items-center justify-center -z-10\">\r\n                                <div class=\"w-5 h-5 bg-gray-200 rounded-full product-gradient group-hover:scale-125 transition-transform duration-300\">\r\n                                <\/div>\r\n                            <\/div>\r\n                            <img decoding=\"async\" src=\"http:\/\/www.floria.cz\/wp-content\/uploads\/2025\/02\/Navrh-bez-nazvu-28.svg\" \r\n                                 alt=\"Product\" \r\n                                 class=\"mb-4 z-10 h-[300px] group-hover:scale-105 transition-transform duration-300\">\r\n                        <\/div>\r\n                        <h4 class=\"text-center text-sm text-secondary-light font-medium mb-2 transition-colors duration-300\">\r\n                            FLORIA PREMIUM\u00ae                        <\/h4>\r\n                        <h3 class=\"text-center text-2xl font-semibold mb-2 group-hover:text-primary-light transition-colors duration-300\">\r\n                            Travn\u00ed sm\u011bs do sucha                        <\/h3>\r\n                        <span class=\"btn-outline mt-2 opacity-60 hover:opacity-100 hover:text-white transition-all duration-300\">\r\n                            V\u00cdCE INFORMAC\u00cd                        <\/span>\r\n                    <\/a>\r\n                <\/div>\r\n                    <\/div>\r\n    <\/div>\r\n    <\/div>\r\n    ","protected":false},"excerpt":{"rendered":"<p>Travn\u00ed sm\u011bsi Travn\u00ed sm\u011bsi FLORIA PREMIUM vynikaj\u00ed sv\u00fdmi jedine\u010dn\u00fdmi vlastnostmi &#8211; oproti klasick\u00e9mu osivu jsou semena obalena v hnojivu a sm\u00e1\u010dedle, tak\u017ee odpad\u00e1 prvotn\u00ed hnojen\u00ed p\u0159i v\u00fdsevu. Jeliko\u017e je hnojivo nan\u00e1\u0161eno p\u0159\u00edmo na semena, kl\u00ed\u010d\u00edc\u00ed a vyv\u00edjej\u00edc\u00ed se sazenice z\u00edsk\u00e1vaj\u00ed pln\u00fd p\u0159\u00ednos dodate\u010dn\u00e9 v\u00fd\u017eivy, nikoli okoln\u00ed rostliny. V&nbsp;nab\u00eddce m\u00e1me 3 z\u00e1kladn\u00ed druhy \u2013 Exclusive pro [&hellip;]<\/p>\n","protected":false},"author":2,"featured_media":0,"parent":0,"menu_order":0,"comment_status":"closed","ping_status":"closed","template":"page-templates\/page_main.php","meta":{"footnotes":"","css_class_manager_body_classes":"","css_class_manager_use_in_post_loop":false},"page_category":[],"class_list":["post-1219","page","type-page","status-publish","hentry"],"_links":{"self":[{"href":"https:\/\/www.floria.cz\/sk\/wp-json\/wp\/v2\/pages\/1219","targetHints":{"allow":["GET"]}}],"collection":[{"href":"https:\/\/www.floria.cz\/sk\/wp-json\/wp\/v2\/pages"}],"about":[{"href":"https:\/\/www.floria.cz\/sk\/wp-json\/wp\/v2\/types\/page"}],"author":[{"embeddable":true,"href":"https:\/\/www.floria.cz\/sk\/wp-json\/wp\/v2\/users\/2"}],"replies":[{"embeddable":true,"href":"https:\/\/www.floria.cz\/sk\/wp-json\/wp\/v2\/comments?post=1219"}],"version-history":[{"count":13,"href":"https:\/\/www.floria.cz\/sk\/wp-json\/wp\/v2\/pages\/1219\/revisions"}],"predecessor-version":[{"id":1772,"href":"https:\/\/www.floria.cz\/sk\/wp-json\/wp\/v2\/pages\/1219\/revisions\/1772"}],"wp:attachment":[{"href":"https:\/\/www.floria.cz\/sk\/wp-json\/wp\/v2\/media?parent=1219"}],"wp:term":[{"taxonomy":"page_category","embeddable":true,"href":"https:\/\/www.floria.cz\/sk\/wp-json\/wp\/v2\/page_category?post=1219"}],"curies":[{"name":"wp","href":"https:\/\/api.w.org\/{rel}","templated":true}]}}

Trávne zmesi

<div class="wp-block-group pb-5 half-section text-center is-vertical is-content-justification-center is-nowrap is-layout-flex wp-container-core-group-is-layout-e862386f wp-block-group-is-layout-flex">
<h2 class="wp-block-heading uppercase pb-16" style="font-size:3.8rem">Travní směsi</h2>



<p class="leading-snug font-extralight" style="font-size:1.3rem">Travní směsi FLORIA PREMIUM vynikají svými jedinečnými vlastnostmi &#8211; oproti klasickému osivu jsou <strong>semena obalena v hnojivu a smáčedle</strong>, takže odpadá prvotní hnojení při výsevu. Jelikož je hnojivo nanášeno přímo na semena, klíčící a vyvíjející se sazenice získávají plný přínos dodatečné výživy, nikoli okolní rostliny. V&nbsp;nabídce máme 3 základní druhy – Exclusive pro reprezentativní plochy, pro robotické sekání (nízce rostoucí směs) a pro sucho (směs odolná do suchých a slunečných oblastí).<br><br></p>



<p></p>
</div>


    <div class="product-microcard">
        <div class="relative overflow-hidden pt-20">
            <div class="flex pb-52 mx-auto justify-center flex-wrap lg:flex-nowrap items-stretch">
                
                <!-- Left Column -->
                <div class="w-full lg:w-auto card-column lg:items-end">
                                            <a href="#category" class="micro-card">
                            <h4 class="uppercase text-center">Exkluzivní travní semena</h4>
                            <div class="micro-card-body">
                                <h4>Exkluzivní travní semena</h4>
                                <p>Travní směsi FLORIA PREMIUM jsou složené ze špičkových odrůd trav, které jsou tím nejlepším z evropské pěstitelské produkce. Odpovídá nejmodernějším trendům pěstování a péče o travnaté plochy nejen v zahradách a okolí rodinných domů. Trávník se v dalších fázích růstu vyznačuje hustým, pružným a měkkým drnem, který snese vyšší zátěž. Při standardní péči si udrží sytě zelenou reprezentativní barvu po celé vegetační období. 
<br/>
Zdroj: DLF
</p>
                                                                    <img decoding="async" src="http://www.floria.cz/wp-content/uploads/2025/02/Navrh-bez-nazvu-47.svg" 
                                         alt="">
                                                            </div>
                        </a>
                                    </div>

                <!-- Center Image -->
                <div class="order-first lg:order-none mx-2 z-10">
                                            <img decoding="async" class="lg:scale-125 translate-y-9" 
                             src="http://www.floria.cz/wp-content/uploads/2025/02/Navrh-bez-nazvu-27.svg" 
                             alt="">
                                    </div>

                <!-- Right Column -->
                <div class="w-full lg:w-auto card-column lg:items-start">
                                            <a href="#category" class="micro-card">
                            <h4 class="uppercase text-center">Hydroaktivní obal</h4>
                            <div class="micro-card-body">
                                <h4>Hydroaktivní obal</h4>
                                <p>Dostupnost smáčedla zlepšuje hospodaření s vodou, což umožňuje kořenům a výhonkům růst rychleji a lépe tak odolávat nepříznivým vlivům. To je zvláště důležité při dosevu stávajícího trávníku. Při zakládání tak použijete až o 15 % méně vody. Osivo obsahuje i 15 % rychle působícího i pomalu se uvolňujícího dusíku. Díky tomu poskytuje silnější, rychlejší a rovnoměrnější vzcházení semen, až o 34 % více zelené plochy a až o 30 % prodloužení délky kořenů. Výsledný trávník je tak odolnější vůči stresu a schopnější snášet intenzivní opotřebení i invazi širokolistých plevelů.          
<br/>
Zdroj: DLF</p>
                                                                    <img decoding="async" src="http://www.floria.cz/wp-content/uploads/2025/02/Navrh-bez-nazvu-48.svg" 
                                         alt="">
                                                            </div>
                        </a>
                                            <a href="#category" class="micro-card">
                            <h4 class="uppercase text-center">Vzhled a odolnost</h4>
                            <div class="micro-card-body">
                                <h4>Vzhled a odolnost</h4>
                                <p>Technologie semen poskytuje výrazně silnější a rychlejší zakládání trávníku. Kombinace řízeného uvolňování dusíku a technologie hydroaktivního hospodaření s vodou zpřístupňuje základní živiny a vodu každé vzcházející sazenici pro silnější klíčení a lepší využití živin během rané fáze růstu rostlin.  
<br/>
Zdroj: DLF</p>
                                                                    <img decoding="async" src="http://www.floria.cz/wp-content/uploads/2025/02/Navrh-bez-nazvu-49.svg" 
                                         alt="">
                                                            </div>
                        </a>
                                    </div>
            </div>

            <div class="absolute left-0 right-0 bottom-0 -translate-y-1/2 flex items-center justify-center">
                <div class="w-0 h-0 bg-transparent rounded-full divider-gradient"></div>
            </div>
            <div class="linear-divider mb-0"></div>
        </div>
    </div>
    

    <div class="container-section">
    <div class="py-16 px-8">
        <div class="grid grid-cols-1 md:grid-cols-2 xl:grid-cols-4 gap-7">
                            <div class="group flex flex-col items-center justify-center p-10 px-12 rounded-3xl border border-white overflow-hidden transition-all duration-300 hover:shadow-lg">
                    <a href="/floria-travni-smes-exclusive-1-kg/" class="flex flex-col items-center justify-center">
                        <div class="relative">
                            <div class="absolute top-0 left-0 right-0 bottom-0 flex items-center justify-center -z-10">
                                <div class="w-5 h-5 bg-gray-200 rounded-full product-gradient group-hover:scale-125 transition-transform duration-300">
                                </div>
                            </div>
                            <img decoding="async" src="http://www.floria.cz/wp-content/uploads/2025/02/Navrh-bez-nazvu-27.svg" 
                                 alt="Product" 
                                 class="mb-4 z-10 h-[300px] group-hover:scale-105 transition-transform duration-300">
                        </div>
                        <h4 class="text-center text-sm text-secondary-light font-medium mb-2 transition-colors duration-300">
                            FLORIA PREMIUM®                        </h4>
                        <h3 class="text-center text-2xl font-semibold mb-2 group-hover:text-primary-light transition-colors duration-300">
                            Travní směs Exclusive                         </h3>
                        <span class="btn-outline mt-2 opacity-60 hover:opacity-100 hover:text-white transition-all duration-300">
                            VÍCE INFORMACÍ                        </span>
                    </a>
                </div>
                            <div class="group flex flex-col items-center justify-center p-10 px-12 rounded-3xl border border-white overflow-hidden transition-all duration-300 hover:shadow-lg">
                    <a href="/floria-travni-smes-pro-roboticke-sekani-1-kg/" class="flex flex-col items-center justify-center">
                        <div class="relative">
                            <div class="absolute top-0 left-0 right-0 bottom-0 flex items-center justify-center -z-10">
                                <div class="w-5 h-5 bg-gray-200 rounded-full product-gradient group-hover:scale-125 transition-transform duration-300">
                                </div>
                            </div>
                            <img decoding="async" src="http://www.floria.cz/wp-content/uploads/2025/02/Navrh-bez-nazvu-29.svg" 
                                 alt="Product" 
                                 class="mb-4 z-10 h-[300px] group-hover:scale-105 transition-transform duration-300">
                        </div>
                        <h4 class="text-center text-sm text-secondary-light font-medium mb-2 transition-colors duration-300">
                            FLORIA PREMIUM®                        </h4>
                        <h3 class="text-center text-2xl font-semibold mb-2 group-hover:text-primary-light transition-colors duration-300">
                            robotické sekání                         </h3>
                        <span class="btn-outline mt-2 opacity-60 hover:opacity-100 hover:text-white transition-all duration-300">
                            VÍCE INFORMACÍ                        </span>
                    </a>
                </div>
                            <div class="group flex flex-col items-center justify-center p-10 px-12 rounded-3xl border border-white overflow-hidden transition-all duration-300 hover:shadow-lg">
                    <a href="/floria-travni-smes-sucho-1-kg/" class="flex flex-col items-center justify-center">
                        <div class="relative">
                            <div class="absolute top-0 left-0 right-0 bottom-0 flex items-center justify-center -z-10">
                                <div class="w-5 h-5 bg-gray-200 rounded-full product-gradient group-hover:scale-125 transition-transform duration-300">
                                </div>
                            </div>
                            <img decoding="async" src="http://www.floria.cz/wp-content/uploads/2025/02/Navrh-bez-nazvu-28.svg" 
                                 alt="Product" 
                                 class="mb-4 z-10 h-[300px] group-hover:scale-105 transition-transform duration-300">
                        </div>
                        <h4 class="text-center text-sm text-secondary-light font-medium mb-2 transition-colors duration-300">
                            FLORIA PREMIUM®                        </h4>
                        <h3 class="text-center text-2xl font-semibold mb-2 group-hover:text-primary-light transition-colors duration-300">
                            Travní směs do sucha                        </h3>
                        <span class="btn-outline mt-2 opacity-60 hover:opacity-100 hover:text-white transition-all duration-300">
                            VÍCE INFORMACÍ                        </span>
                    </a>
                </div>
                    </div>
    </div>
    </div>

<p>Travní směsi Travní směsi FLORIA PREMIUM vynikají svými jedinečnými vlastnostmi &#8211; oproti klasickému osivu jsou semena obalena v hnojivu a smáčedle, takže odpadá prvotní hnojení při výsevu. Jelikož je hnojivo nanášeno přímo na semena, klíčící a vyvíjející se sazenice získávají plný přínos dodatečné výživy, nikoli okolní rostliny. V&nbsp;nabídce máme 3 základní druhy – Exclusive pro [&hellip;]</p>
